 greatest common divisor of 45 and n.
9
Let f be (-1)/((105/(-650))/21). Suppose 10*n - 4 = 12*n, 0 = -5*z - 5*n + f. What is the greatest common divisor of 8 and z?
4
Let u be (-1701)/(-27) - (-10)/(-2). Suppose 5*g = k + u, -42 = -4*g - 0*k + 3*k. Calculate the highest common divisor of 12 and g.
12
Let b be 10*(-4)/(-8)*148. Let r = -440 + b. Calculate the greatest common factor of 120 and r.
60
Let d(c) = -15*c - 33. Let p(r) = -r**2 - 4*r - 3. Let y be p(-3). Suppose y = 3*u + 1 + 32. Let w be d(u). Calculate the highest common factor of 12 and w.
12
Let o(k) = -k**2 + 31*k - 82. Let q be o(28). What is the highest common divisor of 1934 and q?
2
Let n be (-6736)/(-152) + (-48)/152. What is the greatest common factor of n and 15686?
22
Let g(n) be the second derivative of -17*n**3/3 - 55*n**2 + 32*n + 1. Let b be g(-7). What is the greatest common factor of 64 and b?
64
Suppose 0 = 3*j - 6*j + 5*f - 7, 5 = j + 2*f. Let x = j + 20. Suppose -s = -4*w - 152, -5*s + 99*w + 852 = 102*w. What is the greatest common factor of x and s?
21
Let q = -18 + 27. Let t = 8 + -10. Let i be 2584/32 + t/(-8). Calculate the highest common factor of i and q.
9
Suppose 15*d = 200 + 340. Suppose 0*f + f = 28. Suppose o - 40 = -4*i, -i + 2*o = 3*i - f. Calculate the highest common factor of d and i.
9
Suppose -4100 - 3700 = 14*k - 29*k. Calculate the highest common divisor of k and 65.
65
Suppose 2*k + t - 1922 - 4006 = 0, -k - 4*t = -2964. Suppose -k = -4*x + 12*o - 16*o, -5 = 5*o. Calculate the highest common divisor of 14 and x.
14
Suppose -145 = 20*g - 565. Let w = 165 - 102. Calculate the highest common divisor of w and g.
21
Let p(o) = 616*o - 298. Let f be p(4). What is the highest common divisor of 57 and f?
57
Let u(v) = 2340*v + 124. Let m be u(0). Let n = 19 - 11. Calculate the highest common factor of m and n.
4
Let o = -37 - -67. Suppose 0 = -4*s + k - 6*k + 5, 5*k = 3*s - o. Suppose -15 = -s*n, -4*n = 6*p - p - 87. Calculate the highest common factor of 60 and p.
15
Let g be ((-2)/10*-58)/((-1)/(-10)). Let j(u) = -20*u - 15. Let f be j(-8). What is the greatest common divisor of f and g?
29
Let i be (-336*(-10)/25)/(((-4)/(-10))/2). Calculate the highest common divisor of 588 and i.
84
Suppose 10*v + 103*v - 20*v - 651 = 0. What is the highest common divisor of 973 and v?
7
Let p be ((-4 - -4)/(-5))/(-1). Suppose -67*u + 62*u + 245 = p. Let f be 9793/u + (-3)/(-21). Calculate the highest common factor of f and 25.
25
Suppose -2*s + s = -5*t + 8261, 0 = 2*t + 4*s - 3322. Calculate the greatest common factor of 57 and t.
57
Let o(k) = 233*k**2 + 245*k + 1448. Let l be o(-6). Calculate the greatest common divisor of l and 89.
89
Suppose 46*t = 44*t + 5*z + 55, 65 = 2*t - 3*z. Let i be (75/2)/((-3)/(-8)). What is the highest common factor of t and i?
20
Suppose -43*t = -112*t + 9246. What is the greatest common divisor of t and 18?
2
Let z = -90 - -296. Suppose -5*w = q - z, 55 = 3*w - 2*q - 79. What is the highest common divisor of w and 6?
6
Suppose 6*m - 87*m + 988598 = -3502447. Calculate the greatest common factor of m and 65.
65
Let t = 9 - 7. Let n(f) = 17 + 15*f - 13 + f**2 - 2*f**t. Let o be n(7). What is the greatest common factor of 24 and o?
12
Let d = 49 + 15. Suppose d = 2*q - z, -2*q + 5*z + 25 = -31. Calculate the greatest common divisor of q and 3.
3
Let w = -2406 + 2496. Calculate the highest common factor of 720 and w.
90
Let a(g) = 2*g**2 + g + 0*g - 179 - 171 + 357. Let z be a(2). Calculate the greatest common divisor of 323 and z.
17
Let k(v) be the first derivative of 2*v**3 - 9*v**2/2 - 60*v - 19. Let u be k(-10). What is the greatest common divisor of u and 30?
30
Suppose -3*f - 4 = -5*f. Suppose 2*a = -4*r + 22, 3*a + 46 + 1 = 4*r. What is the greatest common divisor of r and f?
2
Suppose 48 = 8*n + 56. Let y be (0 - 79)*n - (-3 + 4). Calculate the highest common factor of y and 6.
6
Let b(f) = -8*f - 12. Let w be b(-5). Suppose -17*v = -w*v + 748. What is the greatest common factor of v and 85?
17
Suppose 15 = 4*x - s - 4, x - 2*s - 10 = 0. Let j be x + (-48 + 2)/(-2). Suppose 15 = 3*d - j. What is the highest common divisor of d and 98?
14
Let a = -95245 + 95381. Suppose -5*v - 8 = f, 2*f + 83 = 6*f - 3*v. What is the greatest common factor of f and a?
17
Let w be (-5)/(20/(-3352)) - 147/(-21). Calculate the greatest common factor of 5 and w.
5
Let t = 22932 - 21621. What is the highest common divisor of 741 and t?
57
Suppose 2*f + 653*q - 71 = 658*q, 0 = -7*q + 5*q - 26. Suppose -2*n = -5*c - 283, 5*n - 501 = n - 3*c. Calculate the highest common divisor of f and n.
3
Suppose -9 = 8*r - 33. Suppose -3*f = 4*c - 6*c + 240, -2*f = -4. Calculate the greatest common divisor of c and r.
3
Let j(m) = -965*m + 4010. Let t be j(4). Suppose 0 = 3*c + 3*g - 738, -1008 = -4*c + 2*g - 0*g. What is the highest common factor of c and t?
50
Suppose 5*u + 5*z - 1475 - 630 = 0, -5*u + 1993 = -3*z. Let i = 188 + -114. What is the greatest common divisor of i and u?
37
Let w = 1541 - 1296. What is the greatest common divisor of 80 and w?
5
Let a(p) = 404*p + 80. Let f be a(2). What is the highest common divisor of 111 and f?
111
Suppose 11*y - 115*y + 351604 = -43*y. Calculate the highest common divisor of 44 and y.
44
Let q = 7 - 3. Suppose -12 = q*i - 52. Let v = -1762 - -1832. What is the highest common factor of i and v?
10
Let w be 6*(-1 - 0)*2. Let i be 1 - w - 2/2. Let a(d) = -51*d - 201. Let k be a(-7). Calculate the greatest common divisor of i and k.
12
Let f = 2353 - -1501. Calculate the greatest common divisor of f and 82.
82
Let t(g) = 207*g**2 + 6. Let o be t(3). Let i be o/27 - 6/27. Suppose -89 - 138 = -5*q - 3*j, j - 183 = -4*q. Calculate the highest common factor of q and i.
23
Let z be 3 + ((-1)/(-7) - 116/28). Let c be 0 - -3 - (z + 90*-2). What is the greatest common divisor of 138 and c?
46
Let z be -30*((-3)/2 + 1). Suppose z*s - 2268 = 3*s. What is the greatest common factor of s and 7?
7
Suppose -2*r = -2*y + 2, 5*y - 59*r = -62*r + 29. Let d(m) = -m**3 + 19*m**2 + 4. Let l be d(19). What is the highest common factor of y and l?
4
Let n be ((-130)/(-40))/(-13) + 506/8. What is the highest common divisor of n and 791?
7
Let x(r) = -r**3 - r**2 + 3*r + 6. Let v be x(-3). Let o = -1470 - -2115. Calculate the highest common divisor of o and v.
15
Suppose -w - 101*f = -106*f, 45 = -2*w + f. Let b be (-10)/(w/5)*4/8. What is the greatest common factor of b and 2?
1
Suppose 6*a - 203 - 373 = 0. Suppose 0 = -3*t + 3*r + 192, -3*r + a = 3*t - 108. Suppose j - 4*j = -t. Calculate the greatest common divisor of 33 and j.
11
Suppose -8*c - 46 = -142. Suppose 0 = -7*x - c*x + 10431. Calculate the greatest common divisor of 61 and x.
61
Suppose 123 = 3*o - 3*a, -5*a = -7*o - 104 + 379. Suppose -5*s + 395 = 4*j, -s + 3 = 8. Calculate the highest common divisor of j and o.
35
Suppose -4*x + 2*d + 419 = -71, -2*d = -10. What is the greatest common divisor of 2500 and x?
125
Let j be (704/(-20))/(56/(-924)*(-9)/(-30)). What is the greatest common divisor of j and 80?
16
Let m = 11853 - 9785. What is the highest common divisor of m and 132?
44
Let a = -18022 + 18246. Calculate the highest common divisor of a and 5320.
56
Let b(o) = -53*o + 1. Let u be b(-1). Let s(k) = 0*k**2 - 7*k - 33 + 4*k**2 - 2*k**2 + 0*k**2. Let f be s(-6). What is the greatest common divisor of u and f?
27
Let k(y) = 38*y**3 + 18*y**2 - 13*y - 4. Let p be k(1). What is the highest common factor of 57 and p?
3
Let w = -224 + 389. Suppose -z + w = 5*v - 0*v, 5*z - 2*v = 771. What is the highest common divisor of 5 and z?
5
Let g be 5037/3 + 44/22. What is the greatest common factor of g and 164?
41
Let n be 83/(17845/258) - 1178/(-10). What is the greatest common factor of n and 935?
17
Let g be (486/(-8))/(5/((-80)/3)). What is the highest common divisor of g and 594?
54
Let x(z) = -4*z**2 - z + 19. Let v be x(0). Suppose -18*t + 15*t = -a - 29, 5*a = t - v. Suppose -p + 11 = 2. What is the highest common factor of t and p?
9
Suppose 598 = 24*y - 2. Suppose 3*n - 8 - 5 = -t, y = 5*n + t. What is the highest common factor of 15 and n?
3
Let t be (-4)/(-10) + (-223)/(-5). Let x be 5 + 8 + t + 0 + -2. What is the greatest common divisor of 32 and x?
8
Suppose -